(n) = -n - 2. Let z be s(-9). Suppose -2*r + i = -z, -r + 10 = -3*i - 1. Calculate the remainder when 6 is divided by r.
0
Suppose 0 = 4*m - 9*m - 15. Let k(g) = -g**3 + 5*g**2 - 4*g + 2. Calculate the remainder when (4/10)/(m/(-15)) is divided by k(4).
0
Let i = -43 - -80. What is the remainder when i is divided by 19?
18
Let q(g) = -8*g**3 + 2*g**2 + 1. What is the remainder when q(-2) is divided by 37?
36
Let a = -44 - -64. Calculate the remainder when a is divided by (-66)/(-10) + (-6)/(-15).
6
Suppose 31 = -3*x + 139. Suppose -12 = 3*d - x. What is the remainder when 16/1 + 1/(-1) is divided by d?
7
Let j(s) = 5*s + 9*s - s. Calculate the remainder when j(1) is divided by ((-1)/(-2))/(1/14).
6
Suppose -30 = h - 4*h. Calculate the remainder when 19 is divided by h.
9
Suppose -m = 4*n - 75, n - 2*n = 3*m - 5. Calculate the remainder when 38 is divided by n.
18
Let c(g) = 4*g**2 - 5*g + 2. Let r = -7 + 15. Let x = r - 5. What is the remainder when c(x) is divided by 12?
11
Let k be (8/2)/(-4)*9. Let r = k - -19. What is the remainder when 27 is divided by r?
7
Suppose -89 = -3*w + 58. Suppose -a - a = -26. What is the remainder when w is divided by a?
10
Let q = -27 - -47. Calculate the remainder when q is divided by 7.
6
Let h(p) = p**3 - 6*p**2 + 4*p - 22. Calculate the remainder when 272 is divided by h(7).
52
Suppose -t + 13 = -10. Calculate the remainder when t is divided by 6.
5
Suppose -4*d + 48 = 3*s, -57 = -4*s - 0*s - 3*d. Suppose -4*p + 5*g + 143 = -p, 43 = p + 3*g. What is the remainder when p is divided by s?
10
Let x(b) = b**2 - 12*b - 4. Let w be x(12). Let o = w + 18. What is the remainder when 27 is divided by o?
13
Let f be ((-6)/(-4))/(2/(-12)). Let t = 3 - f. What is the remainder when 22 + (2*-1)/(-2) is divided by t?
11
Let v = 16 + -10. What is the remainder when 16 is divided by v?
4
Let n(c) = c**2 + 4*c - 8. What is the remainder when 22 is divided by n(-7)?
9
Let b be -1 - ((-32 - -2) + 1). Let z = b + -19. Let j(k) = k**3 - 10*k**2 + 11*k + 2. What is the remainder when j(z) is divided by 11?
9
Let l(j) = j**2 - 3*j + 65. What is the remainder when l(11) is divided by 11?
10
Let g be ((-126)/(-49))/(2/(-14)). Let a = g + 37. Calculate the remainder when a is divided by 5.
4
Let w = 5 + -6. Let n(y) = y + 1. Let i be n(0). What is the remainder when 2/w + (20 - i) is divided by 9?
8
What is the remainder when (6/4)/((-9)/(-732)) is divided by 31?
29
Let j = 14 + -10. Suppose 0 = -3*d + n + 139, 76 = j*d - 3*n - 116. What is the remainder when d is divided by 12?
9
What is the remainder when 32 is divided by 1/2 - 42/(-4)?
10
Suppose 0*h + 3*h = 3. Let s be (4/10)/((-4)/(-20)). Suppose -3 = -j - s. What is the remainder when h is divided by j?
0
Let b(j) = 0*j**3 + j**3 + j**2 + 5 - 7*j - 5*j**2. What is the remainder when b(6) is divided by 12?
11
Let t(s) = s**3 - 6*s**2 + 4*s + 4. Let c be t(5). What is the remainder when (18 - c) + 2 + -1 is divided by 7?
6
Suppose -u = 2*j - 4 - 1, u - 11 = -4*j. Let w be 6/27 + (-1047)/(-27). Let g = -31 + w. What is the remainder when g is divided by j?
2
Suppose 2*o - 2 = 34. Let r = o - -5. Let y = 6 - -2. What is the remainder when r is divided by y?
7
Suppose -n - 10 - 1 = -2*b, -3*b = -n - 17. Let y = -45 + 49. Calculate the remainder when b is divided by y.
2
Suppose n = -56 + 544. Suppose 2*f + 0*s - 4*s = n, 2*s = -5*f + 1256. Suppose f = h + 4*h. What is the remainder when h is divided by 17?
16
Let w(b) = -8*b**2 + 32*b + 2. Let u(j) = 3*j**2 - 11*j - 1. Let p(l) = 14*u(l) + 5*w(l). What is the remainder when p(-6) is divided by 17?
15
Calculate the remainder when 83 is divided by -1*(-84)/8*2.
20
Suppose -5*i + 14 = -1. Let y = -1 + i. Calculate the remainder when y is divided by ((-1)/(-2))/((-2)/(-4)).
0
Let h be 0/(3 - 0) - -2. Suppose h*k - k = 62. What is the remainder when k is divided by 21?
20
Suppose y + 28 = -0. Suppose -4*h + 2*a + 30 = 0, 5*h - a - 44 = -5*a. What is the remainder when ((-2)/(-4))/((-1)/y) is divided by h?
6
Let d = -57 - -68. Calculate the remainder when d is divided by 4.
3
Suppose 5*z - 154 - 136 = 0. Let y(r) = 2*r - 2. Let o be y(3). What is the remainder when 26 is divided by z/o - (-1)/(-2)?
12
Let c(j) = j + 3. What is the remainder when 99 is divided by c(14)?
14
Let w(p) = 13*p - 4. Calculate the remainder when w(8) is divided by 34.
32
Calculate the remainder when ((-1)/(-3))/((1*-2)/(-102)) is divided by 10.
7
Suppose -4*f + 41 + 15 = -u, u = -2*f + 28. Suppose 4*j - 160 = -0*j. Calculate the remainder when j is divided by f.
12
Let w(t) = t**3 - 7*t**2 - 7*t + 10. Let c be 9/(-6) + 19/2. What is the remainder when 53 is divided by w(c)?
17
Let w = -42 - -77. Suppose 3*r = 2*r - 3. Let v = r + 15. Calculate the remainder when w is divided by v.
11
Suppose 4*b = 3*v + 68, 5*v = -5*b + 3*b + 60. Let l = 43 + -25. Let u = -11 + l. Calculate the remainder when b is divided by u.
6
Let s(p) = 11*p + 4. Suppose -5*l = -3*l - 6. Let b be s(l). Suppose 5*i - 149 = -3*c, -i - 3*c = -0 - b. Calculate the remainder when i is divided by 10.
8
Calculate the remainder when 44 is divided by -2 + -52*(-3 + 5/2).
20
Suppose 0 = -3*a - 0*a + 276. Calculate the remainder when a*1*(-3)/(-6) is divided by 16.
14
Let s be (-2)/(-4) + 294/4. Suppose 0 = 5*x - 1 - s. Calculate the remainder when 43 is divided by x.
13
Suppose 24 = 3*b + 4*f, f + f + 6 = 3*b. Let h(a) = -3*a - b*a - 5 + a**2 + 0*a**2. Calculate the remainder when 8 is divided by h(8).
2
Suppose 2*v = 4*z + 14, -3*z = -2*v + 8 + 6. What is the remainder when 12 is divided by v?
5
Let b(z) = z**2 + 2*z**2 + 11*z - 4*z**2 + 6. Let p be -1 + -1 + 6 - -7. Calculate the remainder when 17 is divided by b(p).
5
Let k = 22 - 7. Let o be (-194)/(-4) + (-3)/6. Suppose o = 2*j - i - 9, -3*j + 3*i + 87 = 0. What is the remainder when j is divided by k?
13
Let d(i) = 2*i - 9*i + 4*i - 2 - 4*i**2 - 3*i**3 + 0*i**2. Let r = 4 - 6. What is the remainder when 23 is divided by d(r)?
11
Let m = 98 - 71. Suppose -276 - 39 = -3*r. What is the remainder when r is divided by m?
24
Let c = 1 + 7. Suppose 0 = 5*f - 8 - 7. Suppose -f*l - 7 = -22. What is the remainder when c is divided by l?
3
Let v(c) = -2*c**2. Let h be v(-1). Let x = h - -27. Suppose 4*z + 5 = x. What is the remainder when z is divided by 2?
1
Let l(i) = -i**3 + 8*i**2 - 5*i - 10. Let r be l(7). Let k = r - -4. Let h = -1 - -23. What is the remainder when h is divided by k?
6
Let k(g) = -3*g**3 + 5*g**2. Let j(c) = -8*c**3 + 14*c**2 - c. Let v(w) = -4*j(w) + 11*k(w). Calculate the remainder when 16 is divided by v(-3).
4
Let q = 13 - 7. Suppose 0 = 3*g - 21 - q. Calculate the remainder when 25 is divided by g.
7
Suppose 4*l = 4*v, 0*l = -4*l - v - 10. Suppose 2*t - 111 = -t. What is the remainder when t is divided by -38*1/l*1?
18
Let y(a) = 2*a + 8. Calculate the remainder when y(5) is divided by 72/7 + 6/(-21).
8
Suppose -93 - 3 = -3*v. Let t(k) = -2*k - 1. Calculate the remainder when v is divided by t(-6).
10
Suppose x + h - 7 - 12 = 0, 4*h - 44 = -2*x. Suppose 4*i + i + 3*t = -8, 6 = -5*i - t. Let l = i - -31. What is the remainder when l is divided by x?
14
Suppose 4*y = x + 3*x, 0 = -2*x - 4*y + 12. Suppose -32 - 48 = -x*f. Calculate the remainder when f is divided by 21.
19
Let g = 91 + -51. What is the remainder when g is divided by 22?
18
Let x = 3 - 3. Suppose -4*o - 16 = 0, x = i - 3*o - 17 - 17. Suppose 3*k - i = 2*k. Calculate the remainder when k is divided by 12.
10
Let r(b) = -2*b + 1. Calculate the remainder when r(-18) is divided by 22.
15
Suppose -2*k - i = -6*i - 5, -k + 3*i = -2. Calculate the remainder when 23 is divided by k.
3
Suppose 0*a - 3*a + 147 = 0. Let u be 448/(-20) + (-2)/(-5). Let b = u + 47. Calculate the remainder when a is divided by b.
24
Suppose 5*x = 2*p - 21, 0*p = 2*p - 4*x - 20. Suppose 4*v - 28 = -2*z, 4*v + 0 + p = 0. What is the remainder when z is divided by 4?
2
Let a = -23 + 42. Suppose -2*d - 3*i + 6*i + 116 = 0, 173 = 3*d - 4*i. What is the remainder when d is divided by a?
17
Suppose 5*q = 17 + 188. What is the remainder when q is divided by 9?
5
Let z = 6 - 6. Suppose 2*o - 3*o + 19 = z. Let i = 14 + -7. Calculate the remainder when o is divided by i.
5
Let s = -5 + 23. Suppose -3*